ns digit of o(20)?
2
Let t = -40 + 73. What is the units digit of t?
3
Let o be -1 + -2 + 24/3. Suppose j + 5*a + 0*a - o = 0, 5*j + 4*a - 25 = 0. What is the units digit of j?
5
Let b(t) = t**3 - t**2 - 6*t + 2. Suppose 3 = -3*a - 3*v, -a + 3 + 21 = -4*v. What is the tens digit of b(a)?
2
Suppose -4*b = 2*z - 2, 3*z = -3*b + 4*b - 4. Let w(l) = -7*l**3 - 2*l**2 - 2*l - 1. What is the units digit of w(z)?
6
Let v(x) = -x**3 - 4*x**2 + 6*x + 5. Let r be v(-5). Suppose r*c + 40 = c. Suppose 0*m = -5*m + c. What is the units digit of m?
8
Suppose -3*b + 6*b - 198 = 0. What is the units digit of b?
6
Suppose 3*f + h = -0*h + 13, 4*f - 20 = -2*h. Suppose c - f*c = -8. What is the units digit of c?
4
Let v(i) be the second derivative of -2*i**2 + 1/3*i**3 + 2*i + 0. What is the units digit of v(6)?
8
Let g(t) = t**3 - 2*t**2 - 5*t + 10. What is the units digit of g(7)?
0
Let v(n) = -n**2 - 12*n + 9. Let j be v(-6). Let i = j + -29. What is the tens digit of i?
1
Let b be (-3 - -1 - -3) + 1. Suppose 16 = -b*d + 4*d + 4*m, -2*m = 4*d - 56. What is the tens digit of d?
1
Suppose -3*i + 8 = 5*s, -4*s + 13 = 3*i - 0*s. Let w = 16 - i. What is the units digit of w?
5
Suppose 5*z = -3*q + 118, 2*q - 44 - 26 = -3*z. Suppose -4*h + z = 66. Let r(g) = -3*g - 7. What is the units digit of r(h)?
3
Let i(m) = -m**3 + 5*m**2 + 8*m - 6. Let o be i(6). Let l(v) = 2*v. Let n be l(o). Let g = 21 - n. What is the units digit of g?
9
Let x(v) = v**3 - 9*v**2 - 14*v - 26. What is the tens digit of x(11)?
6
Suppose t - 4 = 5. Suppose 5*m + 0*c = -2*c + 15, -2*c + t = -m. What is the units digit of m?
1
Let w(x) = x - 3. Let b be w(7). Let r(i) = -18*i - 1. Let f be r(-1). What is the units digit of f/5 - b/10?
3
What is the units digit of (2 - 2 - 1) + (273 - -7)?
9
What is the units digit of 116 + -8*(-4)/8?
0
Let a(g) = -g**3 - 7*g**2 - 6*g. Let f be a(-7). Let p be (f/(-18))/((-2)/18). Suppose 2*y - 21 = d, -4*y + p = 2*d + 3*d. What is the units digit of y?
9
Let c(r) = 9*r**2 + 3*r - 5. What is the units digit of c(3)?
5
Suppose 3 = -p + 2. What is the units digit of -2 + 2 + (-5)/p?
5
Let u = 21 - 13. Let i = -7 + u. What is the units digit of i?
1
Let x = -92 - -195. What is the units digit of x?
3
Suppose 0*t + 135 = -5*t. Let a = t + 39. What is the tens digit of a?
1
Let t = 64 + -51. What is the tens digit of t?
1
Suppose -4*z + 13 = 3*d, -1 = -5*d + 4*z + 10. Suppose -2*x - d*x = 2*m - 6, 0 = 3*m - 4*x - 9. What is the units digit of (-14)/(-6) + 2/m?
3
Let v = -89 + 50. Let n = v + 58. What is the tens digit of n?
1
Suppose -3*f + 5*s + 3 = 0, 9*f - 4*f - s - 27 = 0. Let j = 8 - f. Suppose -x + 21 = 2*t, -2 = j*t - x - 17. What is the units digit of t?
9
Suppose i + 3*i - 280 = 0. Suppose 3*m - i = -2*m. What is the units digit of m?
4
Suppose 0 = 3*i - 19 + 4. What is the units digit of (-4 - -1)/(-3)*i?
5
What is the units digit of 0/(-2) + (-1 - -3)?
2
Let j(l) = 0 - 5*l + 2*l + 2. Let u be j(2). Let x(f) = -f**2 - 4*f + 3. What is the units digit of x(u)?
3
Let g(u) = u**2 - 5*u + 4. Let a(d) = -3*d**2 + 11*d - 8. Let o(k) = -2*a(k) - 5*g(k). Let i be o(-6). What is the tens digit of 216/i - (-12)/(-28)?
1
Let p be (-10 - -1)*1 + 0. Suppose -24 + 3 = m. Let y = p - m. What is the units digit of y?
2
What is the tens digit of 143 - -3*20/(-15)?
3
Let n = 4 + -4. Let z = n + 4. Suppose -z*h = -3*f + 27, -2*f + 5*h + 30 = f. What is the units digit of f?
5
Let u(f) = -f**2 - 7*f - 2. Let m(o) = o**2 + 8*o + 3. Let i(j) = -3*m(j) - 4*u(j). Let l be i(-3). Let c = -2 - l. What is the units digit of c?
2
Suppose -6*b + b = 2*a - 21, 2*a = -3*b + 11. Let w = b + -1. Suppose 4 = -3*s + w*f, s - 12 = -4*s + 2*f. What is the units digit of s?
4
Let v(q) = 4*q**2 + 6*q. What is the tens digit of v(2)?
2
What is the hundreds digit of ((-35)/21 + 1)*1014/(-4)?
1
Let o be 30/(-9)*408/20. Let n = o + 95. What is the tens digit of n?
2
Let t = -115 + 236. What is the hundreds digit of t?
1
Suppose 4*s = -0*s + 184. What is the tens digit of s?
4
Let f(b) = -2*b - 3. Let w = -15 + 8. What is the units digit of f(w)?
1
Let y(c) = -c**2 + c. Let k(x) = -x**3 + 8*x**2 - 8*x + 13. Let g(z) = -k(z) + 4*y(z). Let u be g(11). What is the units digit of (2 + -3)/(u/20)?
0
Suppose 3*m - 19 = -4. Suppose 5*d = c - 24 - 9, -m*c + 4*d = -60. What is the units digit of c?
8
Suppose -8 = -5*k + 27. Let r = 20 - k. What is the tens digit of r?
1
Suppose -13*f + 300 + 142 = 0. Let k(w) = -w**3 + 4*w**2 + 2*w - 4. Let g be k(3). Let o = f - g. What is the units digit of o?
3
Suppose 5*o + 180 = 855. What is the tens digit of o?
3
Suppose 0 = -x + 5*x - 184. What is the tens digit of x?
4
Suppose 0 = 4*j + j - 2*v - 268, 5*v = -20. What is the units digit of j?
2
Let k = -17 - -11. Let z(o) = o**3 + 6*o**2 - 5*o - 3. What is the tens digit of z(k)?
2
Let k(p) = 1 + 4*p**3 + 0*p**2 - p**2 - 3*p + 21*p**3 + 4*p**2. What is the tens digit of k(1)?
2
Let o = -14 - -4. Let p = o - -31. Suppose 2*r = 5*r - p. What is the units digit of r?
7
What is the tens digit of 21/(-5)*(-120)/8?
6
Suppose -4*g = -g - 15. What is the units digit of g?
5
Suppose 4*u = 12, 0*b - 3*b - 4*u + 15 = 0. What is the units digit of b?
1
Let b(c) = c**2 + 6*c + 7. Let g be b(-5). Let r = g - -2. What is the units digit of 2/r*1*8?
4
Let z be (-1)/(3/111) + -1. Let d be (-4)/(-10) - z/5. Suppose w - 1 = d. What is the units digit of w?
9
Suppose 0*x - 44 = -4*x. Let b(w) = w**3 - 12*w**2 + 11*w + 10. What is the tens digit of b(x)?
1
Suppose -2*s + 11 = -3*t, -1 = -3*s + s + 5*t. What is the tens digit of s?
1
Let f(v) = 5 - 6*v**2 + 4*v**3 - v**3 + 5*v - 2*v**3. Let y(u) = -u**2 - 11*u - 5. Let i be y(-10). What is the units digit of f(i)?
5
Let t(p) = -13*p - 1. Let q be t(1). What is the units digit of (-36)/21*q/4?
6
What is the tens digit of 4/(-7) + (-4560)/(-42) + 1?
0
Let v(q) = q**3 - 8*q**2 + 8*q - 3. Let y = 5 + 2. What is the units digit of v(y)?
4
Let h(w) = -w**3 + 8*w**2 - 7*w. Let g be h(7). Let b(k) = -4*k - 8. Let m(z) = -7*z - 16. Let d(f) = 5*b(f) - 3*m(f). What is the units digit of d(g)?
8
Suppose 0 = -o - 5, 0*c + 2*c = 4*o + 14. Let z(l) = -l + 4. Let m be z(c). Suppose 5*k = m*h - 3*h - 46, 0 = -2*h + 5*k + 18. What is the units digit of h?
4
Suppose 3*w - 32 - 19 = 0. What is the units digit of w?
7
Suppose 0*g - 100 = -g. Suppose -m - g = -5*m - 4*p, 5*p - 25 = 0. Suppose 3*x - m = x. What is the units digit of x?
0
Let w(i) be the first derivative of 2*i**3 + 3*i**2/2 - 3*i - 1. Let c be w(2). What is the units digit of (c/12)/((-3)/(-8))?
6
Let u = -109 - -224. What is the units digit of u?
5
Suppose 0 = 5*n + 21 + 39. Let c = 20 - n. What is the tens digit of c?
3
Suppose -20 = -5*q + 2*g - 7*g, -4*q + g + 11 = 0. Suppose -3*a = -4*a + q. Suppose a*o = 21 - 9. What is the units digit of o?
4
Let l(m) be the first derivative of -m - 1 - 11/2*m**2. What is the units digit of l(-1)?
0
Let c(o) = 6*o**2 + 4*o + 1. What is the tens digit of c(4)?
1
Let w(s) = -s**3 - 11*s**2. Let f be w(-11). Suppose -3*y + 3*j + 31 + 47 = f, 4*y - 94 = -j. What is the tens digit of y?
2
Let a be (-2)/(-4)*(2 - -2). Let g = 11 - a. Suppose -g = -5*t + 1. What is the units digit of t?
2
Let g(p) = -p**3 - p - 24. Let b be g(0). Suppose 5*r - 30 = 4*f, 2*r - 2 = -6. What is the units digit of b/f - 6/15?
2
Suppose -3*r = -4*c - 13, c - 5*c - 6 = -2*r. What is the units digit of r?
7
Suppose 0 = -0*y + 3*y - 12. Suppose 16 = -0*r + y*r. Suppose -2*j - 3*b = -15, 4*j - r*b = -5*b + 45. What is the tens digit of j?
1
Let i = 13 - 9. Suppose i*c = 0, c = -3*p - p + 20. What is the units digit of p?
5
Suppose -15*m = -13*m - 432. What is the hundreds digit of m?
2
What is the units digit of (-1 - -2)*(-4 + 3)*-29?
9
Suppose 2*j = -2*j - 48. Let t be 1/3 - (-4)/j. Suppose -2*l = -4*q - 46, -2*l + t*q + 5*q = -47. What is the tens digit of l?
2
Let n be 0/((-5)/(5/2)). Suppose u + 10 = 4*z, 3*u - z - 3 = -n*u. What is the units digit of u?
2
Suppose 5*s + 1 = 11. Suppose 10 = 5*n + y + s*y, -3*n = -5*y - 40. What is the units digit of n?
5
Let c(p) = p**2 - p + 2. Suppose -5*q - 16 = -l - 0*l, 4*l = -q + 1. Let b be (-10)/15 - 11/q. What is the units digit of c(b)?
8
Suppose -9*p + 523 + 1133 = 0. What is the tens